{"id":8,"date":"2024-01-15T23:02:10","date_gmt":"2024-01-15T23:02:10","guid":{"rendered":"https:\/\/ny.arbio.se\/?page_id=8"},"modified":"2026-03-13T14:15:45","modified_gmt":"2026-03-13T14:15:45","slug":"medarbetare","status":"publish","type":"page","link":"https:\/\/arbio.se\/om-arbio\/medarbetare\/","title":{"rendered":"Medarbetare"},"content":{"rendered":"\n<p><a href=\"https:\/\/www.skogsindustrierna.se\/om-oss\/medarbetare\/\">Skogsindustrierna<\/a><br><a href=\"https:\/\/www.svenskttra.se\/om-oss\/kontakta-oss\/\">Svenskt Tr\u00e4<\/a><br><a href=\"https:\/\/www.tmf.se\/om-tmf\/om-tmf\/kontakta-oss\/\">TMF<\/a><br><a href=\"https:\/\/www.grona.org\/om-oss\/kontakt\/\">Gr\u00f6na Arbetsgivare<\/a><br><a href=\"https:\/\/www.grafiska.se\/om-grafiska\/kontakta-oss\/\">Grafiska F\u00f6retagen<\/a><\/p>\n\n\n\n<p><strong>Verksamhetsst\u00f6d (Ekonomi, HR, IT och medlemsadministration)<\/strong><\/p>\n\n\n\n<div class=\"wp-block-group has-background\" style=\"background-color:#f7f8fa\"><div class=\"wp-block-group__inner-container is-layout-constrained wp-block-group-is-layout-constrained\">\n<div class=\"wp-block-group\"><div class=\"wp-block-group__inner-container is-layout-constrained wp-block-group-is-layout-constrained\">\n<div class=\"wp-block-group\"><div class=\"wp-block-group__inner-container is-layout-constrained wp-block-group-is-layout-constrained\">\n<div class=\"wp-block-group is-vertical is-content-justification-stretch is-layout-flex wp-container-core-group-is-layout-2d6859ad wp-block-group-is-layout-flex\">\n<div class=\"wp-block-columns is-layout-flex wp-container-core-columns-is-layout-9d6595d7 wp-block-columns-is-layout-flex\">\n<div class=\"wp-block-column is-layout-flow wp-block-column-is-layout-flow\" style=\"flex-basis:100%\">\n<div class=\"wp-block-columns is-layout-flex wp-container-core-columns-is-layout-9d6595d7 wp-block-columns-is-layout-flex\">\n<div class=\"wp-block-column is-layout-flow wp-block-column-is-layout-flow\" style=\"flex-basis:100%\">\n<figure class=\"wp-block-table aligncenter is-style-stripes has-small-font-size\"><table><tbody><tr><td class=\"has-text-align-left\" data-align=\"left\"><img loading=\"lazy\" decoding=\"async\" width=\"150\" height=\"200\" class=\"wp-image-219\" style=\"width: 150px;\" src=\"https:\/\/arbio.se\/wp-content\/uploads\/2026\/03\/Malin.jpg\" alt=\"\" srcset=\"https:\/\/arbio.se\/wp-content\/uploads\/2026\/03\/Malin.jpg 1726w, https:\/\/arbio.se\/wp-content\/uploads\/2026\/03\/Malin-225x300.jpg 225w, https:\/\/arbio.se\/wp-content\/uploads\/2026\/03\/Malin-768x1024.jpg 768w, https:\/\/arbio.se\/wp-content\/uploads\/2026\/03\/Malin-1152x1536.jpg 1152w, https:\/\/arbio.se\/wp-content\/uploads\/2026\/03\/Malin-1536x2048.jpg 1536w\" sizes=\"auto, (max-width: 150px) 100vw, 150px\" \/><br><strong>Malin Bolmdahl<\/strong><br>HR-Chef<br>Telefon: 08-762 72 14<br><a href=\"mailto:malin.bolmdahl@arbio.se\" target=\"_blank\" rel=\"noreferrer noopener\">malin.bolmdahl@arbio.se<\/a><\/td><td><img loading=\"lazy\" decoding=\"async\" width=\"150\" height=\"200\" class=\"wp-image-214\" style=\"width: 150px;\" src=\"https:\/\/arbio.se\/wp-content\/uploads\/2026\/03\/003test.jpg\" alt=\"\" srcset=\"https:\/\/arbio.se\/wp-content\/uploads\/2026\/03\/003test.jpg 1721w, https:\/\/arbio.se\/wp-content\/uploads\/2026\/03\/003test-225x300.jpg 225w, https:\/\/arbio.se\/wp-content\/uploads\/2026\/03\/003test-768x1024.jpg 768w, https:\/\/arbio.se\/wp-content\/uploads\/2026\/03\/003test-1152x1536.jpg 1152w, https:\/\/arbio.se\/wp-content\/uploads\/2026\/03\/003test-1536x2048.jpg 1536w\" sizes=\"auto, (max-width: 150px) 100vw, 150px\" \/><br><strong>Alexandra J\u00f6nsson<\/strong><br>HR-administrat\u00f6r<br>Telefon: 08-762 76 76<br><a href=\"mailto:alexandra.jonsson@arbio.se\" target=\"_blank\" rel=\"noreferrer noopener\">alexandra.jonsson@arbio.se<\/a><\/td><td class=\"has-text-align-left\" data-align=\"left\"><img loading=\"lazy\" decoding=\"async\" width=\"150\" height=\"200\" class=\"wp-image-224\" style=\"width: 150px;\" src=\"https:\/\/arbio.se\/wp-content\/uploads\/2026\/03\/Ingela.jpg\" alt=\"\" srcset=\"https:\/\/arbio.se\/wp-content\/uploads\/2026\/03\/Ingela.jpg 1681w, https:\/\/arbio.se\/wp-content\/uploads\/2026\/03\/Ingela-225x300.jpg 225w, https:\/\/arbio.se\/wp-content\/uploads\/2026\/03\/Ingela-768x1024.jpg 768w, https:\/\/arbio.se\/wp-content\/uploads\/2026\/03\/Ingela-1152x1536.jpg 1152w, https:\/\/arbio.se\/wp-content\/uploads\/2026\/03\/Ingela-1536x2048.jpg 1536w\" sizes=\"auto, (max-width: 150px) 100vw, 150px\" \/><br><strong>Ingela Hult<\/strong><br>Medlemsadministrat\u00f6r<br>Telefon: 08-762 72 47<br><a href=\"mailto:ingela.hult@arbio.se\" target=\"_blank\" rel=\"noreferrer noopener\">ingela.hult@arbio.se<\/a><\/td><td><img decoding=\"async\" class=\"wp-image-20\" style=\"width: 150px;\" src=\"https:\/\/arbio.se\/wp-content\/uploads\/2024\/02\/Mikael.jpg\" alt=\"\"><img loading=\"lazy\" decoding=\"async\" width=\"150\" height=\"200\" class=\"wp-image-220\" style=\"width: 150px;\" src=\"https:\/\/arbio.se\/wp-content\/uploads\/2026\/03\/Carina.jpg\" alt=\"\" srcset=\"https:\/\/arbio.se\/wp-content\/uploads\/2026\/03\/Carina.jpg 332w, https:\/\/arbio.se\/wp-content\/uploads\/2026\/03\/Carina-225x300.jpg 225w\" sizes=\"auto, (max-width: 150px) 100vw, 150px\" \/><br><strong>Carina Gisler<\/strong><br>Medlemsadministrat\u00f6r<br>Telefon: 08-762 68 24<br><a href=\"mailto:carina.gisler@grafiska.se\" target=\"_blank\" rel=\"noreferrer noopener\">carina.gisler@grafiska.se<\/a><\/td><\/tr><tr><td class=\"has-text-align-left\" data-align=\"left\"><img loading=\"lazy\" decoding=\"async\" width=\"150\" height=\"200\" class=\"wp-image-223\" style=\"width: 150px;\" src=\"https:\/\/arbio.se\/wp-content\/uploads\/2026\/03\/Gustav.jpg\" alt=\"\" srcset=\"https:\/\/arbio.se\/wp-content\/uploads\/2026\/03\/Gustav.jpg 1591w, https:\/\/arbio.se\/wp-content\/uploads\/2026\/03\/Gustav-225x300.jpg 225w, https:\/\/arbio.se\/wp-content\/uploads\/2026\/03\/Gustav-768x1024.jpg 768w, https:\/\/arbio.se\/wp-content\/uploads\/2026\/03\/Gustav-1152x1536.jpg 1152w, https:\/\/arbio.se\/wp-content\/uploads\/2026\/03\/Gustav-1536x2048.jpg 1536w\" sizes=\"auto, (max-width: 150px) 100vw, 150px\" \/><br><strong>Gustav M\u00e5lqvist<\/strong><br>Ekonomichef<br>Telefon: 08-762 79 03<br><a href=\"mailto:gustav.malqvist@arbio.se\" target=\"_blank\" rel=\"noreferrer noopener\">gustav.malqvist@arbio.se<\/a><\/td><td><img loading=\"lazy\" decoding=\"async\" width=\"150\" height=\"200\" class=\"wp-image-222\" style=\"width: 150px;\" src=\"https:\/\/arbio.se\/wp-content\/uploads\/2026\/03\/Eva.jpg\" alt=\"\" srcset=\"https:\/\/arbio.se\/wp-content\/uploads\/2026\/03\/Eva.jpg 1583w, https:\/\/arbio.se\/wp-content\/uploads\/2026\/03\/Eva-225x300.jpg 225w, https:\/\/arbio.se\/wp-content\/uploads\/2026\/03\/Eva-768x1024.jpg 768w, https:\/\/arbio.se\/wp-content\/uploads\/2026\/03\/Eva-1152x1536.jpg 1152w, https:\/\/arbio.se\/wp-content\/uploads\/2026\/03\/Eva-1536x2048.jpg 1536w\" sizes=\"auto, (max-width: 150px) 100vw, 150px\" \/><br><strong>Eva Dahlkvist<\/strong><br>Ekonom<br>Telefon: 08-762 68 12<br><a href=\"mailto:eva.dahlkvist@arbio.se\" target=\"_blank\" rel=\"noreferrer noopener\">eva.dahlkvist@arbio.se<\/a><\/td><td class=\"has-text-align-left\" data-align=\"left\"><img loading=\"lazy\" decoding=\"async\" width=\"150\" height=\"200\" class=\"wp-image-221\" style=\"width: 150px;\" src=\"https:\/\/arbio.se\/wp-content\/uploads\/2026\/03\/Carmel.jpg\" alt=\"\" srcset=\"https:\/\/arbio.se\/wp-content\/uploads\/2026\/03\/Carmel.jpg 1660w, https:\/\/arbio.se\/wp-content\/uploads\/2026\/03\/Carmel-225x300.jpg 225w, https:\/\/arbio.se\/wp-content\/uploads\/2026\/03\/Carmel-768x1024.jpg 768w, https:\/\/arbio.se\/wp-content\/uploads\/2026\/03\/Carmel-1152x1536.jpg 1152w, https:\/\/arbio.se\/wp-content\/uploads\/2026\/03\/Carmel-1536x2048.jpg 1536w\" sizes=\"auto, (max-width: 150px) 100vw, 150px\" \/><br><strong>Carmel Mellquist<\/strong><br>Ekonom<br>Telefon: 08-762 72 16<br><a href=\"mailto:carmel.mellquist@arbio.se\" target=\"_blank\" rel=\"noreferrer noopener\">carmel.mellquist@arbio.se<\/a><\/td><td><\/td><\/tr><\/tbody><\/table><\/figure>\n<\/div>\n<\/div>\n<\/div>\n<\/div>\n<\/div>\n<\/div><\/div>\n<\/div><\/div>\n<\/div><\/div>\n","protected":false},"excerpt":{"rendered":"<p>SkogsindustriernaSvenskt Tr\u00e4TMFGr\u00f6na ArbetsgivareGrafiska F\u00f6retagen Verksamhetsst\u00f6d (Ekonomi, HR, IT och medlemsadministration) Malin BolmdahlHR-ChefTelefon: 08-762 72 14malin.bolmdahl@arbio.se Alexandra J\u00f6nssonHR-administrat\u00f6rTelefon: 08-762 76 76alexandra.jonsson@arbio.se Ingela HultMedlemsadministrat\u00f6rTelefon: 08-762 72 47ingela.hult@arbio.se Carina GislerMedlemsadministrat\u00f6rTelefon: 08-762 68 24carina.gisler@grafiska.se Gustav M\u00e5lqvistEkonomichefTelefon: 08-762 79 03gustav.malqvist@arbio.se Eva DahlkvistEkonomTelefon: 08-762 68 12eva.dahlkvist@arbio.se Carmel MellquistEkonomTelefon: 08-762 72 16carmel.mellquist@arbio.se<\/p>\n","protected":false},"author":1,"featured_media":0,"parent":0,"menu_order":0,"comment_status":"closed","ping_status":"closed","template":"","meta":{"footnotes":""},"class_list":["post-8","page","type-page","status-publish","hentry"],"_links":{"self":[{"href":"https:\/\/arbio.se\/om-arbio\/wp-json\/wp\/v2\/pages\/8","targetHints":{"allow":["GET"]}}],"collection":[{"href":"https:\/\/arbio.se\/om-arbio\/wp-json\/wp\/v2\/pages"}],"about":[{"href":"https:\/\/arbio.se\/om-arbio\/wp-json\/wp\/v2\/types\/page"}],"author":[{"embeddable":true,"href":"https:\/\/arbio.se\/om-arbio\/wp-json\/wp\/v2\/users\/1"}],"replies":[{"embeddable":true,"href":"https:\/\/arbio.se\/om-arbio\/wp-json\/wp\/v2\/comments?post=8"}],"version-history":[{"count":49,"href":"https:\/\/arbio.se\/om-arbio\/wp-json\/wp\/v2\/pages\/8\/revisions"}],"predecessor-version":[{"id":229,"href":"https:\/\/arbio.se\/om-arbio\/wp-json\/wp\/v2\/pages\/8\/revisions\/229"}],"wp:attachment":[{"href":"https:\/\/arbio.se\/om-arbio\/wp-json\/wp\/v2\/media?parent=8"}],"curies":[{"name":"wp","href":"https:\/\/api.w.org\/{rel}","templated":true}]}}