{"id":6,"date":"2024-01-15T22:57:04","date_gmt":"2024-01-15T22:57:04","guid":{"rendered":"https:\/\/ny.arbio.se\/?page_id=6"},"modified":"2024-02-15T10:19:56","modified_gmt":"2024-02-15T10:19:56","slug":"om-arbio","status":"publish","type":"page","link":"https:\/\/arbio.se\/om-arbio\/","title":{"rendered":"Om Arbio"},"content":{"rendered":"\n<p><strong>ARBIO AB<\/strong>&nbsp;\u00e4r servicebolaget f\u00f6r F\u00f6reningen Sveriges Skogsindustrier (Skogsindustrierna), Grafiska F\u00f6retagens F\u00f6rbund (Grafiska F\u00f6retagen), Tr\u00e4- och M\u00f6belf\u00f6retagen (TMF) och Gr\u00f6na arbetsgivare som \u00e4r fyra av ett femtiotal medlemsorganisationer inom Svenskt N\u00e4ringsliv. Arbio AB \u00e4gs av de fyra f\u00f6reningarna.<br><br>Som servicebolag tillhandah\u00e5ller Arbio service till medlemsf\u00f6retagen i form av r\u00e5dgivning, f\u00f6rhandlingsst\u00f6d, utbildning, omv\u00e4rldsbevakning, n\u00e4tverksbygge, hj\u00e4lp vid myndighetskontakter och viss annan service inom branschrelaterade fr\u00e5gor. F\u00f6reningarnas ekonomi, IT, HR och medlemsregister hanteras av Arbio. All personal som arbetar f\u00f6r de fyra f\u00f6reningarna inklusive VD i respektive f\u00f6rening \u00e4r anst\u00e4llda i Arbio AB.<br><br>I f\u00f6reningarna ut\u00f6var medlemmarna sitt demokratiska inflytande. Varje f\u00f6rening \u00e4r en egen juridisk person. Medlemmarnas intressen tillvaratas bland annat genom p\u00e5verkansarbete och information till myndigheter, politiker och en bred allm\u00e4nhet om medlemsf\u00f6retagens betydelse och intressen. F\u00f6reningarna Grafiska F\u00f6retagens F\u00f6rbund (Grafiska F\u00f6retagen), Tr\u00e4- och M\u00f6belf\u00f6retagen (TMF) och Gr\u00f6na arbetsgivare tecknar kollektivavtal.<\/p>\n\n\n\n<figure class=\"wp-block-gallery has-nested-images columns-default is-cropped wp-block-gallery-1 is-layout-flex wp-block-gallery-is-layout-flex\">\n<figure class=\"wp-block-image size-large\"><img loading=\"lazy\" decoding=\"async\" width=\"1024\" height=\"683\" data-id=\"85\" src=\"https:\/\/arbio.se\/wp-content\/uploads\/2024\/02\/33355502-hand-holding-growing-tree-and-tree-growing-1-1-1024x683.jpg\" alt=\"\" class=\"wp-image-85\" srcset=\"https:\/\/arbio.se\/wp-content\/uploads\/2024\/02\/33355502-hand-holding-growing-tree-and-tree-growing-1-1-1024x683.jpg 1024w, https:\/\/arbio.se\/wp-content\/uploads\/2024\/02\/33355502-hand-holding-growing-tree-and-tree-growing-1-1-300x200.jpg 300w, https:\/\/arbio.se\/wp-content\/uploads\/2024\/02\/33355502-hand-holding-growing-tree-and-tree-growing-1-1-768x512.jpg 768w, https:\/\/arbio.se\/wp-content\/uploads\/2024\/02\/33355502-hand-holding-growing-tree-and-tree-growing-1-1-1536x1024.jpg 1536w, https:\/\/arbio.se\/wp-content\/uploads\/2024\/02\/33355502-hand-holding-growing-tree-and-tree-growing-1-1.jpg 1800w\" sizes=\"auto, (max-width: 1024px) 100vw, 1024px\" \/><\/figure>\n\n\n\n<figure class=\"wp-block-image size-large\"><img loading=\"lazy\" decoding=\"async\" width=\"1024\" height=\"683\" data-id=\"86\" src=\"https:\/\/arbio.se\/wp-content\/uploads\/2024\/02\/Lindholms-gard-1-foto-Fredrik-Persson-2048x1365-2-1024x683.jpg\" alt=\"\" class=\"wp-image-86\" srcset=\"https:\/\/arbio.se\/wp-content\/uploads\/2024\/02\/Lindholms-gard-1-foto-Fredrik-Persson-2048x1365-2-1024x683.jpg 1024w, https:\/\/arbio.se\/wp-content\/uploads\/2024\/02\/Lindholms-gard-1-foto-Fredrik-Persson-2048x1365-2-300x200.jpg 300w, https:\/\/arbio.se\/wp-content\/uploads\/2024\/02\/Lindholms-gard-1-foto-Fredrik-Persson-2048x1365-2-768x512.jpg 768w, https:\/\/arbio.se\/wp-content\/uploads\/2024\/02\/Lindholms-gard-1-foto-Fredrik-Persson-2048x1365-2-1536x1024.jpg 1536w, https:\/\/arbio.se\/wp-content\/uploads\/2024\/02\/Lindholms-gard-1-foto-Fredrik-Persson-2048x1365-2.jpg 2048w\" sizes=\"auto, (max-width: 1024px) 100vw, 1024px\" \/><\/figure>\n\n\n\n<figure class=\"wp-block-image size-large\"><img loading=\"lazy\" decoding=\"async\" width=\"596\" height=\"600\" data-id=\"82\" src=\"https:\/\/arbio.se\/wp-content\/uploads\/2024\/02\/Forest-skog-07477_SI-PPT.jpg\" alt=\"\" class=\"wp-image-82\" srcset=\"https:\/\/arbio.se\/wp-content\/uploads\/2024\/02\/Forest-skog-07477_SI-PPT.jpg 596w, https:\/\/arbio.se\/wp-content\/uploads\/2024\/02\/Forest-skog-07477_SI-PPT-298x300.jpg 298w, https:\/\/arbio.se\/wp-content\/uploads\/2024\/02\/Forest-skog-07477_SI-PPT-150x150.jpg 150w\" sizes=\"auto, (max-width: 596px) 100vw, 596px\" \/><\/figure>\n<\/figure>\n\n\n\n<p><br>Se ocks\u00e5: <a href=\"https:\/\/www.skogsindustrierna.se\/\" target=\"_blank\" rel=\"noreferrer noopener\">Skogsindustrierna<\/a> | <a href=\"https:\/\/www.tmf.se\/\" target=\"_blank\" rel=\"noreferrer noopener\">TMF<\/a> | <a href=\"https:\/\/www.grona.org\/\" target=\"_blank\" rel=\"noreferrer noopener\">Gr\u00f6na arbetsgivare<\/a> | <a href=\"https:\/\/www.grafiska.se\/\" target=\"_blank\" rel=\"noreferrer noopener\">Grafiska F\u00f6retagen<\/a><\/p>\n","protected":false},"excerpt":{"rendered":"<p>ARBIO AB&nbsp;\u00e4r servicebolaget f\u00f6r F\u00f6reningen Sveriges Skogsindustrier (Skogsindustrierna), Grafiska F\u00f6retagens F\u00f6rbund (Grafiska F\u00f6retagen), Tr\u00e4- och M\u00f6belf\u00f6retagen (TMF) och Gr\u00f6na arbetsgivare som \u00e4r fyra av ett femtiotal medlemsorganisationer inom Svenskt N\u00e4ringsliv. Arbio AB \u00e4gs av de fyra f\u00f6reningarna. Som servicebolag tillhandah\u00e5ller Arbio service till medlemsf\u00f6retagen i form av r\u00e5dgivning, f\u00f6rhandlingsst\u00f6d, utbildning, omv\u00e4rldsbevakning, n\u00e4tverksbygge, hj\u00e4lp vid myndighetskontakter [&hellip;]<\/p>\n","protected":false},"author":1,"featured_media":0,"parent":0,"menu_order":0,"comment_status":"closed","ping_status":"closed","template":"","meta":{"footnotes":""},"class_list":["post-6","page","type-page","status-publish","hentry"],"_links":{"self":[{"href":"https:\/\/arbio.se\/om-arbio\/wp-json\/wp\/v2\/pages\/6","targetHints":{"allow":["GET"]}}],"collection":[{"href":"https:\/\/arbio.se\/om-arbio\/wp-json\/wp\/v2\/pages"}],"about":[{"href":"https:\/\/arbio.se\/om-arbio\/wp-json\/wp\/v2\/types\/page"}],"author":[{"embeddable":true,"href":"https:\/\/arbio.se\/om-arbio\/wp-json\/wp\/v2\/users\/1"}],"replies":[{"embeddable":true,"href":"https:\/\/arbio.se\/om-arbio\/wp-json\/wp\/v2\/comments?post=6"}],"version-history":[{"count":7,"href":"https:\/\/arbio.se\/om-arbio\/wp-json\/wp\/v2\/pages\/6\/revisions"}],"predecessor-version":[{"id":102,"href":"https:\/\/arbio.se\/om-arbio\/wp-json\/wp\/v2\/pages\/6\/revisions\/102"}],"wp:attachment":[{"href":"https:\/\/arbio.se\/om-arbio\/wp-json\/wp\/v2\/media?parent=6"}],"curies":[{"name":"wp","href":"https:\/\/api.w.org\/{rel}","templated":true}]}}

<p><strong>ARBIO AB</strong>&nbsp;är servicebolaget för Föreningen Sveriges Skogsindustrier (Skogsindustrierna), Grafiska Företagens Förbund (Grafiska Företagen), Trä- och Möbelföretagen (TMF) och Gröna arbetsgivare som är fyra av ett femtiotal medlemsorganisationer inom Svenskt Näringsliv. Arbio AB ägs av de fyra föreningarna.<br><br>Som servicebolag tillhandahåller Arbio service till medlemsföretagen i form av rådgivning, förhandlingsstöd, utbildning, omvärldsbevakning, nätverksbygge, hjälp vid myndighetskontakter och viss annan service inom branschrelaterade frågor. Föreningarnas ekonomi, IT, HR och medlemsregister hanteras av Arbio. All personal som arbetar för de fyra föreningarna inklusive VD i respektive förening är anställda i Arbio AB.<br><br>I föreningarna utövar medlemmarna sitt demokratiska inflytande. Varje förening är en egen juridisk person. Medlemmarnas intressen tillvaratas bland annat genom påverkansarbete och information till myndigheter, politiker och en bred allmänhet om medlemsföretagens betydelse och intressen. Föreningarna Grafiska Företagens Förbund (Grafiska Företagen), Trä- och Möbelföretagen (TMF) och Gröna arbetsgivare tecknar kollektivavtal.</p>



<figure class="wp-block-gallery has-nested-images columns-default is-cropped wp-block-gallery-1 is-layout-flex wp-block-gallery-is-layout-flex">
<figure class="wp-block-image size-large"><img loading="lazy" decoding="async" width="1024" height="683" data-id="85" src="https://arbio.se/wp-content/uploads/2024/02/33355502-hand-holding-growing-tree-and-tree-growing-1-1-1024x683.jpg" alt="" class="wp-image-85" srcset="https://arbio.se/wp-content/uploads/2024/02/33355502-hand-holding-growing-tree-and-tree-growing-1-1-1024x683.jpg 1024w, https://arbio.se/wp-content/uploads/2024/02/33355502-hand-holding-growing-tree-and-tree-growing-1-1-300x200.jpg 300w, https://arbio.se/wp-content/uploads/2024/02/33355502-hand-holding-growing-tree-and-tree-growing-1-1-768x512.jpg 768w, https://arbio.se/wp-content/uploads/2024/02/33355502-hand-holding-growing-tree-and-tree-growing-1-1-1536x1024.jpg 1536w, https://arbio.se/wp-content/uploads/2024/02/33355502-hand-holding-growing-tree-and-tree-growing-1-1.jpg 1800w" sizes="auto, (max-width: 1024px) 100vw, 1024px" /></figure>



<figure class="wp-block-image size-large"><img loading="lazy" decoding="async" width="1024" height="683" data-id="86" src="https://arbio.se/wp-content/uploads/2024/02/Lindholms-gard-1-foto-Fredrik-Persson-2048x1365-2-1024x683.jpg" alt="" class="wp-image-86" srcset="https://arbio.se/wp-content/uploads/2024/02/Lindholms-gard-1-foto-Fredrik-Persson-2048x1365-2-1024x683.jpg 1024w, https://arbio.se/wp-content/uploads/2024/02/Lindholms-gard-1-foto-Fredrik-Persson-2048x1365-2-300x200.jpg 300w, https://arbio.se/wp-content/uploads/2024/02/Lindholms-gard-1-foto-Fredrik-Persson-2048x1365-2-768x512.jpg 768w, https://arbio.se/wp-content/uploads/2024/02/Lindholms-gard-1-foto-Fredrik-Persson-2048x1365-2-1536x1024.jpg 1536w, https://arbio.se/wp-content/uploads/2024/02/Lindholms-gard-1-foto-Fredrik-Persson-2048x1365-2.jpg 2048w" sizes="auto, (max-width: 1024px) 100vw, 1024px" /></figure>



<figure class="wp-block-image size-large"><img loading="lazy" decoding="async" width="596" height="600" data-id="82" src="https://arbio.se/wp-content/uploads/2024/02/Forest-skog-07477_SI-PPT.jpg" alt="" class="wp-image-82" srcset="https://arbio.se/wp-content/uploads/2024/02/Forest-skog-07477_SI-PPT.jpg 596w, https://arbio.se/wp-content/uploads/2024/02/Forest-skog-07477_SI-PPT-298x300.jpg 298w, https://arbio.se/wp-content/uploads/2024/02/Forest-skog-07477_SI-PPT-150x150.jpg 150w" sizes="auto, (max-width: 596px) 100vw, 596px" /></figure>
</figure>



<p><br>Se också: <a href="https://www.skogsindustrierna.se/" target="_blank" rel="noreferrer noopener">Skogsindustrierna</a> | <a href="https://www.tmf.se/" target="_blank" rel="noreferrer noopener">TMF</a> | <a href="https://www.grona.org/" target="_blank" rel="noreferrer noopener">Gröna arbetsgivare</a> | <a href="https://www.grafiska.se/" target="_blank" rel="noreferrer noopener">Grafiska Företagen</a></p>

<p>ARBIO AB&nbsp;är servicebolaget för Föreningen Sveriges Skogsindustrier (Skogsindustrierna), Grafiska Företagens Förbund (Grafiska Företagen), Trä- och Möbelföretagen (TMF) och Gröna arbetsgivare som är fyra av ett femtiotal medlemsorganisationer inom Svenskt Näringsliv. Arbio AB ägs av de fyra föreningarna. Som servicebolag tillhandahåller Arbio service till medlemsföretagen i form av rådgivning, förhandlingsstöd, utbildning, omvärldsbevakning, nätverksbygge, hjälp vid myndighetskontakter [&hellip;]</p>
