{"id":29,"date":"2024-02-14T12:53:48","date_gmt":"2024-02-14T12:53:48","guid":{"rendered":"https:\/\/ny.arbio.se\/?page_id=29"},"modified":"2024-02-15T08:49:18","modified_gmt":"2024-02-15T08:49:18","slug":"kontor","status":"publish","type":"page","link":"https:\/\/arbio.se\/om-arbio\/kontor\/","title":{"rendered":"Kontor"},"content":{"rendered":"\n<p><strong>Arbio AB<\/strong><br>Postadress: Box 55525, 102 04 Stockholm<br>Bes\u00f6ksadress: Storgatan 19, 114 51 Stockholm<br>Leveransadress: Skeppargatan 37, 114 52 Stockholm<br>Telefon: 08-762 72 00<\/p>\n\n\n\n<p>REGIONKONTOR<\/p>\n\n\n\n<p><strong>J\u00f6nk\u00f6ping<\/strong><br>Bes\u00f6ksadress: Vallgatan 10<br>Adress: Box 445, 551 16 J\u00f6nk\u00f6ping<br>Telefon: 036-30 32 00 (vxl)<\/p>\n\n\n\n<p><strong>Malm\u00f6<\/strong><br>Bes\u00f6ksadress: Navigationsgatan 1 A<br>Adress: Box 186, 201 21 Malm\u00f6<br>Telefon: 040-35 25 00 (vxl)<\/p>\n\n\n\n<p><strong>Ume\u00e5<\/strong><br>Bes\u00f6ksadress: Sveagatan 8, 903 27 Ume\u00e5<br>Adress: Sveagatan 8, 903 27 Ume\u00e5<br>Telefon: 090-71 82 86 (vxl)<\/p>\n\n\n\n<p><strong>V\u00e4xj\u00f6<\/strong><br>Bes\u00f6ksadress: S\u00f6dra J\u00e4rnv\u00e4gsgatan 4 A (World Trade Center)<br>Adress: S\u00f6dra J\u00e4rnv\u00e4gsgatan 4 A, 352 29 V\u00e4xj\u00f6<br>Telefon: 0470-74 84 00 (vxl)<\/p>\n\n\n\n<p><strong>\u00d6rebro<\/strong><br>Bes\u00f6ksadress: K\u00f6pmangatan 23\u201325<br>Adress: K\u00f6pmangatan 23\u201325, 702 23 \u00d6rebro<br>Telefon: 010-559 62 53<\/p>\n","protected":false},"excerpt":{"rendered":"<p>Arbio ABPostadress: Box 55525, 102 04 StockholmBes\u00f6ksadress: Storgatan 19, 114 51 StockholmLeveransadress: Skeppargatan 37, 114 52 StockholmTelefon: 08-762 72 00 REGIONKONTOR J\u00f6nk\u00f6pingBes\u00f6ksadress: Vallgatan 10Adress: Box 445, 551 16 J\u00f6nk\u00f6pingTelefon: 036-30 32 00 (vxl) Malm\u00f6Bes\u00f6ksadress: Navigationsgatan 1 AAdress: Box 186, 201 21 Malm\u00f6Telefon: 040-35 25 00 (vxl) Ume\u00e5Bes\u00f6ksadress: Sveagatan 8, 903 27 Ume\u00e5Adress: Sveagatan 8, 903 [&hellip;]<\/p>\n","protected":false},"author":1,"featured_media":0,"parent":0,"menu_order":0,"comment_status":"closed","ping_status":"closed","template":"","meta":{"footnotes":""},"class_list":["post-29","page","type-page","status-publish","hentry"],"_links":{"self":[{"href":"https:\/\/arbio.se\/om-arbio\/wp-json\/wp\/v2\/pages\/29","targetHints":{"allow":["GET"]}}],"collection":[{"href":"https:\/\/arbio.se\/om-arbio\/wp-json\/wp\/v2\/pages"}],"about":[{"href":"https:\/\/arbio.se\/om-arbio\/wp-json\/wp\/v2\/types\/page"}],"author":[{"embeddable":true,"href":"https:\/\/arbio.se\/om-arbio\/wp-json\/wp\/v2\/users\/1"}],"replies":[{"embeddable":true,"href":"https:\/\/arbio.se\/om-arbio\/wp-json\/wp\/v2\/comments?post=29"}],"version-history":[{"count":2,"href":"https:\/\/arbio.se\/om-arbio\/wp-json\/wp\/v2\/pages\/29\/revisions"}],"predecessor-version":[{"id":93,"href":"https:\/\/arbio.se\/om-arbio\/wp-json\/wp\/v2\/pages\/29\/revisions\/93"}],"wp:attachment":[{"href":"https:\/\/arbio.se\/om-arbio\/wp-json\/wp\/v2\/media?parent=29"}],"curies":[{"name":"wp","href":"https:\/\/api.w.org\/{rel}","templated":true}]}}